{"id":34,"date":"2019-03-04T11:22:14","date_gmt":"2019-03-04T10:22:14","guid":{"rendered":"http:\/\/demo.banlieues.be\/2019\/Hopicontes\/?page_id=34"},"modified":"2023-03-05T11:00:04","modified_gmt":"2023-03-05T10:00:04","slug":"le-saut-de-la-grenouille","status":"publish","type":"page","link":"https:\/\/hopiconte.be\/?page_id=34","title":{"rendered":"Le saut de la Grenouille"},"content":{"rendered":"\n<h4>Paru en 2017<strong>, 25 \u20ac<\/strong><\/h4>\n\n\n\n<p><a href=\"https:\/\/hopiconte.be\/?page_id=37\">Pour obtenir cet ouvrage&#8230;<\/a><\/p>\n\n\n<div class=\"wp-block-image\">\n<figure class=\"alignleft\"><img decoding=\"async\" loading=\"lazy\" width=\"205\" height=\"292\" src=\"https:\/\/hopiconte.be\/wp-content\/uploads\/2019\/03\/couverture2.png\" alt=\"\" class=\"wp-image-91\"\/><\/figure><\/div>\n\n\n<p class=\"has-very-light-gray-background-color has-background\">Le conte ne connait pas de fronti\u00e8res. Ses racines plongent dans la pr\u00e9-histoire de l\u2019humanit\u00e9. Il est naturellement \u00e0 contre-courant.<br><br>Les conteuses d\u2019Hopi\u2019Conte ont os\u00e9 le porter dans un monde o\u00f9 les murs se multiplient, l\u00e0 o\u00f9 g\u00e9n\u00e9ralement les portes se ferment.<br>Fortes de leurs exp\u00e9riences, r\u00e9flexions et \u00e9motions, elles retracent, dans ce livre, 23 ann\u00e9es d\u2019engagement po\u00e9tique. <br>En voici quelques extraits&nbsp;:<\/p>\n\n\n\n<h4>Extraits du pr\u00e9ambule<\/h4>\n\n\n<div class=\"wp-block-image\">\n<figure class=\"alignleft is-resized\"><img decoding=\"async\" loading=\"lazy\" src=\"https:\/\/hopiconte.be\/wp-content\/uploads\/2019\/03\/saut_gr.jpg\" alt=\"\" class=\"wp-image-109\" width=\"230\" height=\"177\" srcset=\"https:\/\/hopiconte.be\/wp-content\/uploads\/2019\/03\/saut_gr.jpg 802w, https:\/\/hopiconte.be\/wp-content\/uploads\/2019\/03\/saut_gr-300x232.jpg 300w, https:\/\/hopiconte.be\/wp-content\/uploads\/2019\/03\/saut_gr-768x594.jpg 768w\" sizes=\"(max-width: 230px) 100vw, 230px\" \/><\/figure><\/div>\n\n\n<p>\u00ab\u00a0Des portes, depuis plus de 20 ans, nous en ouvrons, nous en fermons, en entrant, en sortant de lieux de soin. Pour unique bagage, des histoires plein le c\u0153ur, des comptines \u00e0 chanter, des contes \u00e0 compter sur les doigts, des devinettes au bout de la langue, des objets magiques dans nos valisettes. Nous vous proposons dans les pages qui suivent, d\u2019entrer dans cette exp\u00e9rience qu\u2019il nous tient \u00e0 c\u0153ur de transmettre. Sept portes : chacune d\u2019elles, \u00e9crite en duo, est une fa\u00e7on de dire cette aventure. Ces chemins parcourus sont parsem\u00e9s de perles, de p\u2019tits cailloux, de d\u00e9tours, de rencontres troublantes et nourrissantes. Chaque porte propose une couleur, une fa\u00e7on particuli\u00e8re d\u2019appr\u00e9hender la r\u00e9alit\u00e9 d\u00e9licate de notre rencontre autour du conte.\u00a0\u00bb<\/p>\n\n\n\n<hr class=\"wp-block-separator has-css-opacity\"\/>\n\n\n\n<h4>Extraits de la Porte du Corps et de la Voix<\/h4>\n\n\n\n<p>On dit parfois que le c\u0153ur a ses raisons que la raison ne connait pas. On pourrait dire aussi que le corps a ses raisons que le c\u0153ur et la raison ne connaissent pas. Quand on raconte \u00e0 l\u2019h\u00f4pital on est \u00e9tonn\u00e9 de d\u00e9couvrir que le corps souffrant peut mettre de c\u00f4t\u00e9 sa souffrance, tellement il est envahi par le plaisir du c\u0153ur et de la raison, c\u2019est-\u00e0-dire de l\u2019\u00e9motion et de la compr\u00e9hension de l\u2019histoire. Le corps s\u2019est mis au repos, il se d\u00e9tend, ce n\u2019est pas qu\u2019il ne souffre plus, c\u2019est simplement qu\u2019il est en haleine devant quelque chose qui lui fait du bien.<\/p>\n\n\n\n<p><em><strong>\u00ab\u00a0Yassine a 4 ans. Il a subi une greffe. Il est arriv\u00e9 d\u2019Alg\u00e9rie avec sa maman pour se faire soigner. Yassine est dans le \u00ab\u00a0flux\u00a0\u00bb, en isolement. L\u00e0 il ne peut \u00eatre en contact avec des objets de l\u2019ext\u00e9rieur, pas de livres, rien. Comment vais-je faire ? Sa maman me dit qu\u2019il ne parle ni ne comprend le fran\u00e7ais. Je suis au chevet de son lit, la bouche derri\u00e8re un masque st\u00e9rile. La maman m\u2019encourage : \u00abracontez, Yassin aime beaucoup, je lui traduirai apr\u00e8s, et puis moi aussi j\u2019aime bien les histoires !\u00bb. Ils m\u2019\u00e9coutent, puis la maman raconte l\u2019histoire que je viens de raconter, celle du loup et des chevreaux, en arabe. Le petit corps de Yassin fr\u00e9mit de plaisir en \u00e9coutant sa maman. Moi aussi j\u2019ai ador\u00e9 la voir raconter. Cette apr\u00e8s-midi-l\u00e0 dans la chambre de Yassin mon corps comprenait l\u2019arabe !\u00a0\u00bb<\/strong><\/em><\/p>\n\n\n\n<hr class=\"wp-block-separator has-css-opacity\"\/>\n\n\n\n<h4>Extraits de la Porte de la B\u00e9n\u00e9diction<\/h4>\n\n\n<div class=\"wp-block-image\">\n<figure class=\"alignleft\"><img decoding=\"async\" loading=\"lazy\" width=\"248\" height=\"371\" src=\"https:\/\/hopiconte.be\/wp-content\/uploads\/2019\/03\/saut2_gr.png\" alt=\"\" class=\"wp-image-110\" srcset=\"https:\/\/hopiconte.be\/wp-content\/uploads\/2019\/03\/saut2_gr.png 248w, https:\/\/hopiconte.be\/wp-content\/uploads\/2019\/03\/saut2_gr-201x300.png 201w\" sizes=\"(max-width: 248px) 100vw, 248px\" \/><\/figure><\/div>\n\n\n<p>La beaut\u00e9, nous la recevons de ces parents, pr\u00e9sents jour apr\u00e8s jour, nuit apr\u00e8s nuit, infatigables accompagnants. Ils donnent tout, tout leur amour, toute leur disponibilit\u00e9, toute leur \u00e9nergie\u2026<\/p>\n\n\n\n<p><em><strong>\u00ab\u00a0Apr\u00e8s l\u2019histoire, un papa me dit: \u00abJe ne suis plus le m\u00eame homme, depuis l\u2019annonce de la maladie de mon fils. C\u2019\u00e9tait instantan\u00e9, dans la minute, j\u2019ai d\u00e9cid\u00e9: je serai avec lui, on combattra ensemble. Plus rien d\u2019autre n\u2019est important. Je vais arr\u00eater de travailler\u2026 On verra bien apr\u00e8s. C\u2019est incroyable, je suis devenu un autre homme, c\u2019est comme \u00e7a, personne ne me ferait changer\u00a0\u00bb<\/strong><\/em><\/p>\n\n\n\n<hr class=\"wp-block-separator has-css-opacity\"\/>\n\n\n\n<h4>Extraits la de Porte de la L\u00e9g\u00e9ret\u00e9<\/h4>\n\n\n\n<p>Allons-nous l\u00e9g\u00e8res, raconter dans ces lieux aux murs blancs, aux couloirs sans fin, aux portes blind\u00e9es? Allons-nous le c\u0153ur l\u00e9ger, le pas alerte, les bras charg\u00e9s de presque rien? Nos mots s\u2019accrochent aux tuyaux transparents, aux draps blancs, aux l\u00e8vres s\u00e8ches de Talhia avide de \u2018Il \u00e9tait une fois\u2019. Comment allons-nous avec nos histoires? Le c\u0153ur l\u00e9ger, certes, en allant, en ouvrant la porte. Le c\u0153ur lourd aussi, de trop de peine, de trop de d\u00e9tresse, de ce peu, si peu de poids de nos pas et de nos mots.<\/p>\n\n\n\n<p><em><strong>\u00ab\u00a0Morgane a 9 ans. Elle entre dans le service sans pr\u00e9jug\u00e9, sans peur. Les premi\u00e8res chimioth\u00e9rapies font leur ouvrage et un jeudi, quand j\u2019entre dans sa chambre, elle est affair\u00e9e et entour\u00e9e d\u2019enveloppes \u00e9parpill\u00e9es sur son lit. \u00abTu vois ce que je fais ? J\u2019envoie une m\u00e8che de cheveux \u00e0 chaque copine de classe, ils tombent tout seuls pour le moment.\u00bb Un grand \u00e9clat de rire accompagne son geste\u00a0\u00bb<\/strong><\/em><\/p>\n\n\n\n<hr class=\"wp-block-separator has-css-opacity\"\/>\n\n\n\n<h4>Extraits de la Porte des R\u00e9ponses<\/h4>\n\n\n\n<p>\u00ab\u00a0Ce jour, aux \u00abFauteuils Volants\u00bb \u00e9tait celui de l\u2019anniversaire de Joli. Malgr\u00e9 toutes les histoires pr\u00e9cieusement gard\u00e9es dans sa t\u00eate et dans son coeur, cette fois, Joli a dit : \u00abMoi, des histoires, je n\u2019en connais vraiment qu\u2019une seule et c\u2019est la mienne. Elle a commenc\u00e9 il y a 29 ans\u00bb. Et il a racont\u00e9 son histoire.\u00a0\u00bb<\/p>\n\n\n\n<p><em><strong>\u00ab\u00a0Pour se poser et entrer en contact avec nos petits amateurs d\u2019histoires pleins de vie, \u00e0 l\u2019\u00e9cole Chanterelle, Claire nous a fait entendre les graines qui roulent entre les deux peaux de son tambourin. \u00abEcoutez, a-t-elle dit, \u00e9coutez\u00bb. \u00abEcoutez\u00bb devenait chuchotement puis silence de la parole, rien que le bruit lent, tourbillonnant, changeant, de ces petites graines. Bruit de la mer profonde, vagues qui viennent s\u2019\u00e9taler sur le sable. Son visage \u00e9tait concentr\u00e9, attentif, tout son \u00eatre \u00e9coutait et les enfants \u00e9taient dans la m\u00eame attention, ils la suivaient. Puis elle a lev\u00e9 les yeux, a souri aux enfants. \u00abVous avez entendu ?\u00bb Sur les visages des enfants, c\u2019\u00e9tait comme un lever du soleil. C\u2019est la mer\u2026 La mer nous raconte des histoires.\u00a0\u00bb<\/strong><\/em><\/p>\n\n\n\n<hr class=\"wp-block-separator has-css-opacity\"\/>\n\n\n\n<h4>Extraits de la Porte des liens et des saveurs<\/h4>\n\n\n\n<p>Un jour, je me suis dit : ouvre la porte et va raconter \u00e0 l\u2019h\u00f4pital. Ouvrir la porte de l\u2019h\u00f4pital, c\u2019est avant tout rencontrer l\u2019enfant isol\u00e9, coup\u00e9 de ses rep\u00e8res et de ses habitudes. Ouvrir la porte de l\u2019h\u00f4pital pour l\u2019enfant, c\u2019est fermer la porte de la maison, de l\u2019\u00e9cole, c\u2019est ne plus vivre le quotidien avec ceux qu\u2019il aime ! Un projet s\u2019est mis en place et je l\u2019ai suivi. Patricia avait le souhait de raconter \u00e0 l\u2019h\u00f4pital, je n\u2019avais plus qu\u2019\u00e0 m\u2019associer. Parfois les projets viennent \u00e0 nous. histoire me pla\u00eet, je les re\u00e7ois en plein coeur. Je peux rentrer dans la chambre, les mains vides, avec plein d\u2019histoires dans la t\u00eate, faire vivre mon art, faire une belle rencontre et un beau voyage. Quand je raconte, m\u00eame une petite anecdote qui est arriv\u00e9e dans la rue ou chez moi, je suis dans le conte. J\u2019ai toujours aim\u00e9 cette parole, la parole du r\u00e9cit, parole charg\u00e9e d\u2019images, d\u2019\u00e9motions et de m\u00e9moires. Cette parole est vivante, elle nous rapproche, nous rend singuliers et universels. Elle est libert\u00e9. Chacun peut l\u2019entendre, la comprendre \u00e0 sa mani\u00e8re, deviner ce qu\u2019elle dit et la transmettre.<\/p>\n\n\n\n<hr class=\"wp-block-separator has-css-opacity\"\/>\n\n\n\n<h4>Extraits de la porte de la M\u00e9moire<\/h4>\n\n\n\n<p>Pour arriver jusqu\u2019\u00e0 nous, les histoires ont parfois travers\u00e9 des oc\u00e9ans, des pays d\u00e9serts, des r\u00e9gions luxuriantes, dans des moments de grand soleil ou d\u2019intemp\u00e9ries. Les enfants \u00e0 qui nous racontons ont souvent, eux aussi, fait un tr\u00e8s long voyage; ils ont enfoui dans leurs souvenirs des paysages travers\u00e9s, des odeurs oubli\u00e9es, des chants qui leur ont \u00e9t\u00e9 fredonn\u00e9s, des m\u00e9lodies qui les ont berc\u00e9s. Et si ces mots murmur\u00e9s dans la langue d\u2019un pays lointain font partie de la m\u00e9moire des jeunes \u00e0 qui nous racontons, il arrive qu\u2019ils retrouvent subitement leurs racines perdues.<\/p>\n\n\n\n<p><em><strong>Joie de se retrouver, enfants, professeurs, conteuses, dans cette \u00e9cole pour enfants handicap\u00e9s. La salle de psychomotricit\u00e9 nous ouvre sa porte, les enfants arrivent, s\u2019asseyent sur des matelas au sol. Pour les accueillir, C\u00e9cile joue de l\u2019accord\u00e9on; l\u2019instrument va ponctuer les contes mais, surtout, marquer un temps de pause et pr\u00e9parer l\u2019\u00e9coute du conte prochain. C\u2019est un conte africain, il nous fait entrer dans une case o\u00f9 une maman chante en ber\u00e7ant son enfant. C\u00e9cile chante en s\u00e9n\u00e9galais une berceuse \u00ab\u00a0Mayoum papa\u00a0\u00bb. Nous musons doucement, en ber\u00e7ant dans nos bras un enfant imaginaire. Petit \u00e0 petit, un grand gar\u00e7on africain, les bras en corbeille, le regard joyeux, chante avec C\u00e9cile\u2026 il chante avec un bonheur \u00e9vident \u00e0 son b\u00e9b\u00e9, il connait les paroles de cette berceuse. Son professeur nous dit : \u00abC\u2019est incroyable, ce jeune gar\u00e7on ne parle presque jamais et il a chant\u00e9.\u00bb<\/strong><\/em><\/p>\n\n\n\n<hr class=\"wp-block-separator has-css-opacity\"\/>\n\n\n\n<h4>Extraits de la Porte de la Fid\u00e9lit\u00e9<\/h4>\n\n\n\n<p>\u00c0 chaque fois que je pars \u00e0 l\u2019h\u00f4pital, je ne peux m\u2019emp\u00eacher d\u2019avoir le coeur qui bat la chamade. Je me r\u00e9p\u00e8te en boucle \u00abPourvu que je sois \u00e0 la hauteur de ces enfants en souffrance et de leurs parents plong\u00e9s dans ce que j\u2019appellerais vivre l\u2019enfer !\u00bb. Je demande \u00e0 \u00ab\u00a0mon petit ange\u00a0\u00bb de m\u2019accompagner dans ce d\u00e9sir de bien faire. Une grande respiration et je pousse la porte de la chambre en oncologie.<\/p>\n\n\n\n<p><em><strong>\u00ab\u00a0Dans le quartier st\u00e9rile, on ne peut p\u00e9n\u00e9trer que rev\u00eatu d\u2019un tablier, masque, chapeau, gants et chaussons st\u00e9riles. L\u2019infirmi\u00e8re me fait savoir que l\u2019enfant dit non \u00e0 tout : \u00abpas la peine d\u2019y aller\u00bb. J\u2019entre malgr\u00e9 tout et je trouve un petit gar\u00e7on de 9 ans recroquevill\u00e9 sur son lit. C\u2019est \u00abNON\u00bb pour l\u2019histoire. Je reste pourtant et d\u00e9couvre un petit dinosaure \u00e0 ses c\u00f4t\u00e9s. Je m\u2019exclame : \u00abil est beau ton dinosaure\u00bb. Son visage s\u2019illumine : \u00abj\u2019en ai d\u2019autres !\u00bb Il en sort tout un sac. Peu \u00e0 peu, nous inventons une histoire de dinosaures !\u00a0\u00bb<\/strong><\/em><\/p>\n","protected":false},"excerpt":{"rendered":"<p>Paru en 2017, 25 \u20ac Pour obtenir cet ouvrage&#8230; Le conte ne connait pas de fronti\u00e8res. Ses racines plongent dans la pr\u00e9-histoire de l\u2019humanit\u00e9. Il est naturellement \u00e0 contre-courant. Les conteuses d\u2019Hopi\u2019Conte ont os\u00e9 le porter dans un monde o\u00f9<\/p>\n","protected":false},"author":2,"featured_media":0,"parent":37,"menu_order":0,"comment_status":"closed","ping_status":"closed","template":"","meta":[],"_links":{"self":[{"href":"https:\/\/hopiconte.be\/index.php?rest_route=\/wp\/v2\/pages\/34"}],"collection":[{"href":"https:\/\/hopiconte.be\/index.php?rest_route=\/wp\/v2\/pages"}],"about":[{"href":"https:\/\/hopiconte.be\/index.php?rest_route=\/wp\/v2\/types\/page"}],"author":[{"embeddable":true,"href":"https:\/\/hopiconte.be\/index.php?rest_route=\/wp\/v2\/users\/2"}],"replies":[{"embeddable":true,"href":"https:\/\/hopiconte.be\/index.php?rest_route=%2Fwp%2Fv2%2Fcomments&post=34"}],"version-history":[{"count":16,"href":"https:\/\/hopiconte.be\/index.php?rest_route=\/wp\/v2\/pages\/34\/revisions"}],"predecessor-version":[{"id":470,"href":"https:\/\/hopiconte.be\/index.php?rest_route=\/wp\/v2\/pages\/34\/revisions\/470"}],"up":[{"embeddable":true,"href":"https:\/\/hopiconte.be\/index.php?rest_route=\/wp\/v2\/pages\/37"}],"wp:attachment":[{"href":"https:\/\/hopiconte.be\/index.php?rest_route=%2Fwp%2Fv2%2Fmedia&parent=34"}],"curies":[{"name":"wp","href":"https:\/\/api.w.org\/{rel}","templated":true}]}}